{"id":1198,"date":"2020-10-16T21:37:41","date_gmt":"2020-10-16T21:37:41","guid":{"rendered":"https:\/\/nevenkomerc.com\/elesa-ganter\/?page_id=1198"},"modified":"2020-12-18T08:21:32","modified_gmt":"2020-12-18T08:21:32","slug":"gvozdjarska-roba","status":"publish","type":"page","link":"https:\/\/nevenkomerc.com\/elesa-ganter\/proizvodi\/gvozdjarska-roba\/","title":{"rendered":"Gvo\u017e\u0111arska roba"},"content":{"rendered":"<div  style='padding-bottom:10px; ' class='av-special-heading av-special-heading-h2    avia-builder-el-0  el_before_av_tab_container  avia-builder-el-first  '><h2 class='av-special-heading-tag '  itemprop=\"headline\"  >Gvo\u017e\u0111arska roba<\/h2><div class='special-heading-border'><div class='special-heading-inner-border' ><\/div><\/div><\/div>\n<div  class=\"tabcontainer   top_tab   avia-builder-el-1  el_after_av_heading  avia-builder-el-last \" role=\"tablist\">\n\n<section class=\"av_tab_section\"  itemscope=\"itemscope\" itemtype=\"https:\/\/schema.org\/CreativeWork\" ><div aria-controls=\"tab-id-1\" role=\"tab\" tabindex=\"0\" data-fake-id=\"#tab-id-1\" class=\"tab active_tab\"  itemprop=\"headline\" >Vija\u010dna roba<\/div>\n<div id=\"tab-id-1\" class=\"tab_content active_tab_content\" aria-hidden=\"false\">\n<div class=\"tab_inner_content invers-color\"  itemprop=\"text\" >\n<p style=\"text-align: center;\"><img loading=\"lazy\" class=\"alignnone size-medium wp-image-1278\" src=\"https:\/\/nevenkomerc.com\/elesa-ganter\/wp-content\/uploads\/2020\/10\/vijacnaroba1-300x267.jpg\" alt=\"\" width=\"300\" height=\"267\" srcset=\"https:\/\/nevenkomerc.com\/elesa-ganter\/wp-content\/uploads\/2020\/10\/vijacnaroba1-300x267.jpg 300w, https:\/\/nevenkomerc.com\/elesa-ganter\/wp-content\/uploads\/2020\/10\/vijacnaroba1.jpg 400w\" sizes=\"(max-width: 300px) 100vw, 300px\" \/> \u00a0 <img loading=\"lazy\" class=\"alignnone size-medium wp-image-1276\" src=\"https:\/\/nevenkomerc.com\/elesa-ganter\/wp-content\/uploads\/2020\/10\/vijacnaroba2-300x225.jpg\" alt=\"\" width=\"300\" height=\"225\" srcset=\"https:\/\/nevenkomerc.com\/elesa-ganter\/wp-content\/uploads\/2020\/10\/vijacnaroba2-300x225.jpg 300w, https:\/\/nevenkomerc.com\/elesa-ganter\/wp-content\/uploads\/2020\/10\/vijacnaroba2.jpg 680w\" sizes=\"(max-width: 300px) 100vw, 300px\" \/><\/p>\n<p>Privredno dru\u0161tvo za spoljnu i unutra\u0161nju trgovinu (trgovinu na malo i veliko), proizvodnju <strong>\u201eNeven-komerc\u201c d.o.o.<\/strong> u svom prodajnom asortimanu ima veliki izbor <strong>vijaka (ma\u0161inski vijci, vijci za lim,vijci za drvo, fasaderski vijci),\u00a0 navrtki, podlo\u0161ki i navojnih \u0161ipki. <\/strong><\/p>\n\n<\/div>\n<\/div>\n<\/section>\n\n<section class=\"av_tab_section\"  itemscope=\"itemscope\" itemtype=\"https:\/\/schema.org\/CreativeWork\" ><div aria-controls=\"tab-id-2\" role=\"tab\" tabindex=\"0\" data-fake-id=\"#tab-id-2\" class=\"tab \"  itemprop=\"headline\" >Tiplovi \/ ankeri<\/div>\n<div id=\"tab-id-2\" class=\"tab_content \" aria-hidden=\"true\">\n<div class=\"tab_inner_content invers-color\"  itemprop=\"text\" >\n<p style=\"text-align: center;\"><img loading=\"lazy\" class=\"alignnone wp-image-1291\" src=\"https:\/\/nevenkomerc.com\/elesa-ganter\/wp-content\/uploads\/2020\/10\/tiploviankeri1-300x282.jpg\" alt=\"\" width=\"197\" height=\"185\" srcset=\"https:\/\/nevenkomerc.com\/elesa-ganter\/wp-content\/uploads\/2020\/10\/tiploviankeri1-300x282.jpg 300w, https:\/\/nevenkomerc.com\/elesa-ganter\/wp-content\/uploads\/2020\/10\/tiploviankeri1-768x722.jpg 768w, https:\/\/nevenkomerc.com\/elesa-ganter\/wp-content\/uploads\/2020\/10\/tiploviankeri1-705x662.jpg 705w, https:\/\/nevenkomerc.com\/elesa-ganter\/wp-content\/uploads\/2020\/10\/tiploviankeri1.jpg 960w\" sizes=\"(max-width: 197px) 100vw, 197px\" \/> \u00a0 <img loading=\"lazy\" class=\"alignnone wp-image-1289\" src=\"https:\/\/nevenkomerc.com\/elesa-ganter\/wp-content\/uploads\/2020\/10\/tiploviankeri2-300x155.jpg\" alt=\"\" width=\"184\" height=\"95\" srcset=\"https:\/\/nevenkomerc.com\/elesa-ganter\/wp-content\/uploads\/2020\/10\/tiploviankeri2-300x155.jpg 300w, https:\/\/nevenkomerc.com\/elesa-ganter\/wp-content\/uploads\/2020\/10\/tiploviankeri2-768x397.jpg 768w, https:\/\/nevenkomerc.com\/elesa-ganter\/wp-content\/uploads\/2020\/10\/tiploviankeri2-705x364.jpg 705w, https:\/\/nevenkomerc.com\/elesa-ganter\/wp-content\/uploads\/2020\/10\/tiploviankeri2.jpg 1000w\" sizes=\"(max-width: 184px) 100vw, 184px\" \/> \u00a0 <img loading=\"lazy\" class=\"alignnone wp-image-1287\" src=\"https:\/\/nevenkomerc.com\/elesa-ganter\/wp-content\/uploads\/2020\/10\/tiploviankeri4-300x146.jpg\" alt=\"\" width=\"200\" height=\"97\" srcset=\"https:\/\/nevenkomerc.com\/elesa-ganter\/wp-content\/uploads\/2020\/10\/tiploviankeri4-300x146.jpg 300w, https:\/\/nevenkomerc.com\/elesa-ganter\/wp-content\/uploads\/2020\/10\/tiploviankeri4-768x372.jpg 768w, https:\/\/nevenkomerc.com\/elesa-ganter\/wp-content\/uploads\/2020\/10\/tiploviankeri4-705x342.jpg 705w, https:\/\/nevenkomerc.com\/elesa-ganter\/wp-content\/uploads\/2020\/10\/tiploviankeri4.jpg 800w\" sizes=\"(max-width: 200px) 100vw, 200px\" \/><\/p>\n<p>U ponudi <strong>\u201eNeven-komerc\u201c d.o.o<\/strong>.:<\/p>\n<ul>\n<li>Vi\u0161e tipova atestiranih <strong>anker vijaka \u201eFISCHER\u201c i \u00a0\u201eFRIULSIDER\u201c,<\/strong> \u00a0namenjenih za velika optere\u0107enja, Metalni i lasti\u010dni <strong>tiplovi<\/strong> za lake konstrukcije, Metalni i plasti\u010dni tiplovi za \u0161uplje, gipsane i siporeks podloge, Hemijski tiplovi i epoxid mase \u0161iroke primene, Metalni i plasti\u010dni nosa\u010di kablova i cevi, Kablovske vezice raznih veli\u010dina, Vijci za lim visokog kvaliteta (samobu\u0161e\u0107i, samoresci\u2026), Turbo, samourezivi, vijci za beton, Vijci za meko i tvrdo drvo.<\/li>\n<li><strong>\u201eRAWLPLUG\u201c<\/strong> anker vijci i metalni tiplovi; Metalni i plasti\u010dni tiplovi \u0161iroke namene (gips, \u0161uplja opeka\u2026); Tiplovi za izolaciju; Vijci za panele (samourezivi).<\/li>\n<\/ul>\n<p style=\"text-align: center;\"><img loading=\"lazy\" class=\"alignnone size-medium wp-image-1285\" src=\"https:\/\/nevenkomerc.com\/elesa-ganter\/wp-content\/uploads\/2020\/10\/friulsider-300x79.jpg\" alt=\"\" width=\"300\" height=\"79\" srcset=\"https:\/\/nevenkomerc.com\/elesa-ganter\/wp-content\/uploads\/2020\/10\/friulsider-300x79.jpg 300w, https:\/\/nevenkomerc.com\/elesa-ganter\/wp-content\/uploads\/2020\/10\/friulsider.jpg 357w\" sizes=\"(max-width: 300px) 100vw, 300px\" \/> \u00a0 <img loading=\"lazy\" class=\"alignnone size-medium wp-image-1283\" src=\"https:\/\/nevenkomerc.com\/elesa-ganter\/wp-content\/uploads\/2020\/10\/rawlplug-300x79.jpg\" alt=\"\" width=\"300\" height=\"79\" srcset=\"https:\/\/nevenkomerc.com\/elesa-ganter\/wp-content\/uploads\/2020\/10\/rawlplug-300x79.jpg 300w, https:\/\/nevenkomerc.com\/elesa-ganter\/wp-content\/uploads\/2020\/10\/rawlplug.jpg 358w\" sizes=\"(max-width: 300px) 100vw, 300px\" \/><\/p>\n<p><img loading=\"lazy\" class=\"alignnone size-medium wp-image-1281 aligncenter\" src=\"https:\/\/nevenkomerc.com\/elesa-ganter\/wp-content\/uploads\/2020\/10\/fischer-300x78.jpg\" alt=\"\" width=\"300\" height=\"78\" srcset=\"https:\/\/nevenkomerc.com\/elesa-ganter\/wp-content\/uploads\/2020\/10\/fischer-300x78.jpg 300w, https:\/\/nevenkomerc.com\/elesa-ganter\/wp-content\/uploads\/2020\/10\/fischer.jpg 360w\" sizes=\"(max-width: 300px) 100vw, 300px\" \/><\/p>\n\n<\/div>\n<\/div>\n<\/section>\n\n<section class=\"av_tab_section\"  itemscope=\"itemscope\" itemtype=\"https:\/\/schema.org\/CreativeWork\" ><div aria-controls=\"tab-id-3\" role=\"tab\" tabindex=\"0\" data-fake-id=\"#tab-id-3\" class=\"tab \"  itemprop=\"headline\" >Ekseri i \u017eice<\/div>\n<div id=\"tab-id-3\" class=\"tab_content \" aria-hidden=\"true\">\n<div class=\"tab_inner_content invers-color\"  itemprop=\"text\" >\n<p style=\"text-align: center;\"><img loading=\"lazy\" class=\"alignnone  wp-image-1299\" src=\"https:\/\/nevenkomerc.com\/elesa-ganter\/wp-content\/uploads\/2020\/10\/ekseriizice1-300x181.jpg\" alt=\"\" width=\"267\" height=\"161\" srcset=\"https:\/\/nevenkomerc.com\/elesa-ganter\/wp-content\/uploads\/2020\/10\/ekseriizice1-300x181.jpg 300w, https:\/\/nevenkomerc.com\/elesa-ganter\/wp-content\/uploads\/2020\/10\/ekseriizice1.jpg 507w\" sizes=\"(max-width: 267px) 100vw, 267px\" \/> \u00a0 <img loading=\"lazy\" class=\"alignnone  wp-image-1297\" src=\"https:\/\/nevenkomerc.com\/elesa-ganter\/wp-content\/uploads\/2020\/10\/ekseriizice2-300x300.jpg\" alt=\"\" width=\"220\" height=\"220\" srcset=\"https:\/\/nevenkomerc.com\/elesa-ganter\/wp-content\/uploads\/2020\/10\/ekseriizice2-300x300.jpg 300w, https:\/\/nevenkomerc.com\/elesa-ganter\/wp-content\/uploads\/2020\/10\/ekseriizice2-80x80.jpg 80w, https:\/\/nevenkomerc.com\/elesa-ganter\/wp-content\/uploads\/2020\/10\/ekseriizice2-36x36.jpg 36w, https:\/\/nevenkomerc.com\/elesa-ganter\/wp-content\/uploads\/2020\/10\/ekseriizice2-180x180.jpg 180w, https:\/\/nevenkomerc.com\/elesa-ganter\/wp-content\/uploads\/2020\/10\/ekseriizice2.jpg 500w\" sizes=\"(max-width: 220px) 100vw, 220px\" \/> \u00a0 <img loading=\"lazy\" class=\"alignnone  wp-image-1295\" src=\"https:\/\/nevenkomerc.com\/elesa-ganter\/wp-content\/uploads\/2020\/10\/ekseriizice3-300x219.jpg\" alt=\"\" width=\"247\" height=\"180\" srcset=\"https:\/\/nevenkomerc.com\/elesa-ganter\/wp-content\/uploads\/2020\/10\/ekseriizice3-300x219.jpg 300w, https:\/\/nevenkomerc.com\/elesa-ganter\/wp-content\/uploads\/2020\/10\/ekseriizice3.jpg 342w\" sizes=\"(max-width: 247px) 100vw, 247px\" \/><\/p>\n<p>U prodajnom asortimanu <strong>\u201eNeven-komerc\u201c d.o.o.<\/strong> mo\u017eete prona\u0107i veliki izbor<strong> eksera<\/strong>: gradjevinski,\u00a0 pocinkovani, ekseri za krovove, aluminijumski, bakarni, U ekseri, kapi\u010dari, ekseri za beton, raznih dimenzija i <strong>\u017eice<\/strong> (paljene i pocinkovane).<\/p>\n\n<\/div>\n<\/div>\n<\/section>\n\n<section class=\"av_tab_section\"  itemscope=\"itemscope\" itemtype=\"https:\/\/schema.org\/CreativeWork\" ><div aria-controls=\"tab-id-4\" role=\"tab\" tabindex=\"0\" data-fake-id=\"#tab-id-4\" class=\"tab \"  itemprop=\"headline\" >Sajle, \u017eabice, vo\u0111ice<\/div>\n<div id=\"tab-id-4\" class=\"tab_content \" aria-hidden=\"true\">\n<div class=\"tab_inner_content invers-color\"  itemprop=\"text\" >\n<p style=\"text-align: center;\"><img loading=\"lazy\" class=\"alignnone size-medium wp-image-1303\" src=\"https:\/\/nevenkomerc.com\/elesa-ganter\/wp-content\/uploads\/2020\/10\/sajlezabice1-300x157.jpg\" alt=\"\" width=\"300\" height=\"157\" srcset=\"https:\/\/nevenkomerc.com\/elesa-ganter\/wp-content\/uploads\/2020\/10\/sajlezabice1-300x157.jpg 300w, https:\/\/nevenkomerc.com\/elesa-ganter\/wp-content\/uploads\/2020\/10\/sajlezabice1.jpg 512w\" sizes=\"(max-width: 300px) 100vw, 300px\" \/> \u00a0 <img loading=\"lazy\" class=\"alignnone size-medium wp-image-1301\" src=\"https:\/\/nevenkomerc.com\/elesa-ganter\/wp-content\/uploads\/2020\/10\/sajlezabice2-300x208.jpg\" alt=\"\" width=\"300\" height=\"208\" srcset=\"https:\/\/nevenkomerc.com\/elesa-ganter\/wp-content\/uploads\/2020\/10\/sajlezabice2-300x208.jpg 300w, https:\/\/nevenkomerc.com\/elesa-ganter\/wp-content\/uploads\/2020\/10\/sajlezabice2.jpg 547w\" sizes=\"(max-width: 300px) 100vw, 300px\" \/><\/p>\n<p>U prodajnom asortimanu <strong>\u201eNeven-komerc\u201c d.o.o.<\/strong> mo\u017eete prona\u0107i veliki izbor <strong>sajli (\u010deli\u010dne \/ pvc), \u017eabica, vo\u0111ica<\/strong><\/p>\n<p><img loading=\"lazy\" class=\"alignnone size-medium wp-image-1305 aligncenter\" src=\"https:\/\/nevenkomerc.com\/elesa-ganter\/wp-content\/uploads\/2020\/10\/unis-300x78.jpg\" alt=\"\" width=\"300\" height=\"78\" srcset=\"https:\/\/nevenkomerc.com\/elesa-ganter\/wp-content\/uploads\/2020\/10\/unis-300x78.jpg 300w, https:\/\/nevenkomerc.com\/elesa-ganter\/wp-content\/uploads\/2020\/10\/unis.jpg 360w\" sizes=\"(max-width: 300px) 100vw, 300px\" \/><\/p>\n\n<\/div>\n<\/div>\n<\/section>\n\n<section class=\"av_tab_section\"  itemscope=\"itemscope\" itemtype=\"https:\/\/schema.org\/CreativeWork\" ><div aria-controls=\"tab-id-5\" role=\"tab\" tabindex=\"0\" data-fake-id=\"#tab-id-5\" class=\"tab \"  itemprop=\"headline\" >Lanci, spojke<\/div>\n<div id=\"tab-id-5\" class=\"tab_content \" aria-hidden=\"true\">\n<div class=\"tab_inner_content invers-color\"  itemprop=\"text\" >\n<p style=\"text-align: center;\"><img loading=\"lazy\" class=\"alignnone size-medium wp-image-1313\" src=\"https:\/\/nevenkomerc.com\/elesa-ganter\/wp-content\/uploads\/2020\/10\/lancispojke1-300x200.jpg\" alt=\"\" width=\"300\" height=\"200\" srcset=\"https:\/\/nevenkomerc.com\/elesa-ganter\/wp-content\/uploads\/2020\/10\/lancispojke1-300x200.jpg 300w, https:\/\/nevenkomerc.com\/elesa-ganter\/wp-content\/uploads\/2020\/10\/lancispojke1.jpg 638w\" sizes=\"(max-width: 300px) 100vw, 300px\" \/> \u00a0 <img loading=\"lazy\" class=\"alignnone size-medium wp-image-1311\" src=\"https:\/\/nevenkomerc.com\/elesa-ganter\/wp-content\/uploads\/2020\/10\/lancispojke2-300x206.jpg\" alt=\"\" width=\"300\" height=\"206\" srcset=\"https:\/\/nevenkomerc.com\/elesa-ganter\/wp-content\/uploads\/2020\/10\/lancispojke2-300x206.jpg 300w, https:\/\/nevenkomerc.com\/elesa-ganter\/wp-content\/uploads\/2020\/10\/lancispojke2.jpg 436w\" sizes=\"(max-width: 300px) 100vw, 300px\" \/><\/p>\n<p>Veliki izbor <strong>lanaca\/spojki<\/strong> razli\u010ditih veli\u010dina.<\/p>\n\n<\/div>\n<\/div>\n<\/section>\n\n<section class=\"av_tab_section\"  itemscope=\"itemscope\" itemtype=\"https:\/\/schema.org\/CreativeWork\" ><div aria-controls=\"tab-id-6\" role=\"tab\" tabindex=\"0\" data-fake-id=\"#tab-id-6\" class=\"tab \"  itemprop=\"headline\" >Sita, komarnici<\/div>\n<div id=\"tab-id-6\" class=\"tab_content \" aria-hidden=\"true\">\n<div class=\"tab_inner_content invers-color\"  itemprop=\"text\" >\n<p style=\"text-align: center;\"><img loading=\"lazy\" class=\"alignnone  wp-image-1309\" src=\"https:\/\/nevenkomerc.com\/elesa-ganter\/wp-content\/uploads\/2020\/10\/sitakomarnici1-300x107.jpg\" alt=\"\" width=\"558\" height=\"199\" srcset=\"https:\/\/nevenkomerc.com\/elesa-ganter\/wp-content\/uploads\/2020\/10\/sitakomarnici1-300x107.jpg 300w, https:\/\/nevenkomerc.com\/elesa-ganter\/wp-content\/uploads\/2020\/10\/sitakomarnici1-1030x368.jpg 1030w, https:\/\/nevenkomerc.com\/elesa-ganter\/wp-content\/uploads\/2020\/10\/sitakomarnici1-768x274.jpg 768w, https:\/\/nevenkomerc.com\/elesa-ganter\/wp-content\/uploads\/2020\/10\/sitakomarnici1-1536x548.jpg 1536w, https:\/\/nevenkomerc.com\/elesa-ganter\/wp-content\/uploads\/2020\/10\/sitakomarnici1-1500x535.jpg 1500w, https:\/\/nevenkomerc.com\/elesa-ganter\/wp-content\/uploads\/2020\/10\/sitakomarnici1-705x252.jpg 705w, https:\/\/nevenkomerc.com\/elesa-ganter\/wp-content\/uploads\/2020\/10\/sitakomarnici1.jpg 1600w\" sizes=\"(max-width: 558px) 100vw, 558px\" \/> \u00a0 <img loading=\"lazy\" class=\"alignnone  wp-image-1307\" src=\"https:\/\/nevenkomerc.com\/elesa-ganter\/wp-content\/uploads\/2020\/10\/sitakomarnici2-300x300.jpg\" alt=\"\" width=\"195\" height=\"195\" srcset=\"https:\/\/nevenkomerc.com\/elesa-ganter\/wp-content\/uploads\/2020\/10\/sitakomarnici2-300x300.jpg 300w, https:\/\/nevenkomerc.com\/elesa-ganter\/wp-content\/uploads\/2020\/10\/sitakomarnici2-80x80.jpg 80w, https:\/\/nevenkomerc.com\/elesa-ganter\/wp-content\/uploads\/2020\/10\/sitakomarnici2-768x768.jpg 768w, https:\/\/nevenkomerc.com\/elesa-ganter\/wp-content\/uploads\/2020\/10\/sitakomarnici2-36x36.jpg 36w, https:\/\/nevenkomerc.com\/elesa-ganter\/wp-content\/uploads\/2020\/10\/sitakomarnici2-180x180.jpg 180w, https:\/\/nevenkomerc.com\/elesa-ganter\/wp-content\/uploads\/2020\/10\/sitakomarnici2-705x705.jpg 705w, https:\/\/nevenkomerc.com\/elesa-ganter\/wp-content\/uploads\/2020\/10\/sitakomarnici2.jpg 800w\" sizes=\"(max-width: 195px) 100vw, 195px\" \/><\/p>\n<p>U ponudi <strong>\u201eNeven-komerc\u201c d.o.o<\/strong> ima veliki izbor <strong>\u010deli\u010dnih i prohromskih sita; kao i PVC i AL komarnika.<\/strong><\/p>\n\n<\/div>\n<\/div>\n<\/section>\n\n<section class=\"av_tab_section\"  itemscope=\"itemscope\" itemtype=\"https:\/\/schema.org\/CreativeWork\" ><div aria-controls=\"tab-id-7\" role=\"tab\" tabindex=\"0\" data-fake-id=\"#tab-id-7\" class=\"tab \"  itemprop=\"headline\" >O-RING I SEGER PRSTENOVI<\/div>\n<div id=\"tab-id-7\" class=\"tab_content \" aria-hidden=\"true\">\n<div class=\"tab_inner_content invers-color\"  itemprop=\"text\" >\n<p style=\"text-align: center;\"><img loading=\"lazy\" class=\"alignnone  wp-image-2612\" src=\"https:\/\/nevenkomerc.com\/elesa-ganter\/wp-content\/uploads\/2020\/12\/prstenovi3.jpg\" alt=\"\" width=\"168\" height=\"168\" srcset=\"https:\/\/nevenkomerc.com\/elesa-ganter\/wp-content\/uploads\/2020\/12\/prstenovi3.jpg 250w, https:\/\/nevenkomerc.com\/elesa-ganter\/wp-content\/uploads\/2020\/12\/prstenovi3-80x80.jpg 80w, https:\/\/nevenkomerc.com\/elesa-ganter\/wp-content\/uploads\/2020\/12\/prstenovi3-36x36.jpg 36w, https:\/\/nevenkomerc.com\/elesa-ganter\/wp-content\/uploads\/2020\/12\/prstenovi3-180x180.jpg 180w\" sizes=\"(max-width: 168px) 100vw, 168px\" \/> <img loading=\"lazy\" class=\"alignnone  wp-image-2610\" src=\"https:\/\/nevenkomerc.com\/elesa-ganter\/wp-content\/uploads\/2020\/12\/prstenovi1-300x165.jpg\" alt=\"\" width=\"244\" height=\"134\" srcset=\"https:\/\/nevenkomerc.com\/elesa-ganter\/wp-content\/uploads\/2020\/12\/prstenovi1-300x165.jpg 300w, https:\/\/nevenkomerc.com\/elesa-ganter\/wp-content\/uploads\/2020\/12\/prstenovi1.jpg 670w\" sizes=\"(max-width: 244px) 100vw, 244px\" \/> <img loading=\"lazy\" class=\"alignnone  wp-image-2608\" src=\"https:\/\/nevenkomerc.com\/elesa-ganter\/wp-content\/uploads\/2020\/12\/prstenovi2.jpg\" alt=\"\" width=\"173\" height=\"173\" srcset=\"https:\/\/nevenkomerc.com\/elesa-ganter\/wp-content\/uploads\/2020\/12\/prstenovi2.jpg 250w, https:\/\/nevenkomerc.com\/elesa-ganter\/wp-content\/uploads\/2020\/12\/prstenovi2-80x80.jpg 80w, https:\/\/nevenkomerc.com\/elesa-ganter\/wp-content\/uploads\/2020\/12\/prstenovi2-36x36.jpg 36w, https:\/\/nevenkomerc.com\/elesa-ganter\/wp-content\/uploads\/2020\/12\/prstenovi2-180x180.jpg 180w\" sizes=\"(max-width: 173px) 100vw, 173px\" \/><\/p>\n<p>Privredno dru\u0161tvo za spoljnu i unutra\u0161nju trgovinu (trgovinu na malo i veliko), proizvodnju\u00a0<strong>\u201eNeven-komerc\u201c d.o.o.<\/strong>\u00a0u svom prodajnom asortimanu ima veliki izbor\u00a0<strong>O-RING PRSTENOVA (preko 500 dimenzija) i SEGER PRSTENOVA (spolja\u0161nji, unutra\u0161nji i e-seger). <\/strong><\/p>\n\n<\/div>\n<\/div>\n<\/section>\n\n<\/div>\n\n","protected":false},"excerpt":{"rendered":"","protected":false},"author":2,"featured_media":0,"parent":25,"menu_order":3,"comment_status":"closed","ping_status":"closed","template":"","meta":[],"yoast_head":"<!-- This site is optimized with the Yoast SEO plugin v15.1.1 - https:\/\/yoast.com\/wordpress\/plugins\/seo\/ -->\n<title>Gvo\u017e\u0111arska roba - Elesa Ganter Srbija - Neven komerc<\/title>\n<meta name=\"robots\" content=\"index, follow, max-snippet:-1, max-image-preview:large, max-video-preview:-1\" \/>\n<link rel=\"canonical\" href=\"https:\/\/nevenkomerc.com\/elesa-ganter\/proizvodi\/gvozdjarska-roba\/\" \/>\n<meta property=\"og:locale\" content=\"sr_RS\" \/>\n<meta property=\"og:type\" content=\"article\" \/>\n<meta property=\"og:title\" content=\"Gvo\u017e\u0111arska roba - Elesa Ganter Srbija - Neven komerc\" \/>\n<meta property=\"og:url\" content=\"https:\/\/nevenkomerc.com\/elesa-ganter\/proizvodi\/gvozdjarska-roba\/\" \/>\n<meta property=\"og:site_name\" content=\"Elesa Ganter Srbija - Neven komerc\" \/>\n<meta property=\"article:modified_time\" content=\"2020-12-18T08:21:32+00:00\" \/>\n<meta property=\"og:image\" content=\"https:\/\/nevenkomerc.com\/elesa-ganter\/wp-content\/uploads\/2020\/10\/vijacnaroba1-300x267.jpg\" \/>\n<meta name=\"twitter:card\" content=\"summary_large_image\" \/>\n<script type=\"application\/ld+json\" class=\"yoast-schema-graph\">{\"@context\":\"https:\/\/schema.org\",\"@graph\":[{\"@type\":\"WebSite\",\"@id\":\"https:\/\/nevenkomerc.com\/elesa-ganter\/#website\",\"url\":\"https:\/\/nevenkomerc.com\/elesa-ganter\/\",\"name\":\"Elesa Ganter Srbija - Neven komerc\",\"description\":\"\\u201eNeven-komerc\\u201c d.o.o. ima zastupni\\u0161tvo za ELESA+GANTER, svetsku kompaniju koja nudi \\u0161irok asortiman standardnih ma\\u0161inskih elemenata za ma\\u0161insku industriju.\",\"potentialAction\":[{\"@type\":\"SearchAction\",\"target\":\"https:\/\/nevenkomerc.com\/elesa-ganter\/?s={search_term_string}\",\"query-input\":\"required name=search_term_string\"}],\"inLanguage\":\"sr-RS\"},{\"@type\":\"ImageObject\",\"@id\":\"https:\/\/nevenkomerc.com\/elesa-ganter\/proizvodi\/gvozdjarska-roba\/#primaryimage\",\"inLanguage\":\"sr-RS\",\"url\":\"https:\/\/nevenkomerc.com\/elesa-ganter\/wp-content\/uploads\/2020\/10\/vijacnaroba1.jpg\",\"width\":400,\"height\":356},{\"@type\":\"WebPage\",\"@id\":\"https:\/\/nevenkomerc.com\/elesa-ganter\/proizvodi\/gvozdjarska-roba\/#webpage\",\"url\":\"https:\/\/nevenkomerc.com\/elesa-ganter\/proizvodi\/gvozdjarska-roba\/\",\"name\":\"Gvo\\u017e\\u0111arska roba - Elesa Ganter Srbija - Neven komerc\",\"isPartOf\":{\"@id\":\"https:\/\/nevenkomerc.com\/elesa-ganter\/#website\"},\"primaryImageOfPage\":{\"@id\":\"https:\/\/nevenkomerc.com\/elesa-ganter\/proizvodi\/gvozdjarska-roba\/#primaryimage\"},\"datePublished\":\"2020-10-16T21:37:41+00:00\",\"dateModified\":\"2020-12-18T08:21:32+00:00\",\"inLanguage\":\"sr-RS\",\"potentialAction\":[{\"@type\":\"ReadAction\",\"target\":[\"https:\/\/nevenkomerc.com\/elesa-ganter\/proizvodi\/gvozdjarska-roba\/\"]}]}]}<\/script>\n<!-- \/ Yoast SEO plugin. -->","_links":{"self":[{"href":"https:\/\/nevenkomerc.com\/elesa-ganter\/wp-json\/wp\/v2\/pages\/1198\/"}],"collection":[{"href":"https:\/\/nevenkomerc.com\/elesa-ganter\/wp-json\/wp\/v2\/pages\/"}],"about":[{"href":"https:\/\/nevenkomerc.com\/elesa-ganter\/wp-json\/wp\/v2\/types\/page\/"}],"author":[{"embeddable":true,"href":"https:\/\/nevenkomerc.com\/elesa-ganter\/wp-json\/wp\/v2\/users\/2\/"}],"replies":[{"embeddable":true,"href":"https:\/\/nevenkomerc.com\/elesa-ganter\/wp-json\/wp\/v2\/comments\/?post=1198"}],"version-history":[{"count":9,"href":"https:\/\/nevenkomerc.com\/elesa-ganter\/wp-json\/wp\/v2\/pages\/1198\/revisions\/"}],"predecessor-version":[{"id":2614,"href":"https:\/\/nevenkomerc.com\/elesa-ganter\/wp-json\/wp\/v2\/pages\/1198\/revisions\/2614\/"}],"up":[{"embeddable":true,"href":"https:\/\/nevenkomerc.com\/elesa-ganter\/wp-json\/wp\/v2\/pages\/25\/"}],"wp:attachment":[{"href":"https:\/\/nevenkomerc.com\/elesa-ganter\/wp-json\/wp\/v2\/media\/?parent=1198"}],"curies":[{"name":"wp","href":"https:\/\/api.w.org\/{rel}","templated":true}]}}