{"id":494,"date":"2020-10-13T16:29:28","date_gmt":"2020-10-13T16:29:28","guid":{"rendered":"https:\/\/nevenkomerc.com\/elesa-ganter\/?page_id=494"},"modified":"2021-04-13T16:11:34","modified_gmt":"2021-04-13T16:11:34","slug":"elementi-za-rukovanje","status":"publish","type":"page","link":"https:\/\/nevenkomerc.com\/elesa-ganter\/proizvodi\/elesa-ganter-srbija\/elementi-za-rukovanje\/","title":{"rendered":"Elementi za rukovanje"},"content":{"rendered":"<div  style='padding-bottom:10px; ' class='av-special-heading av-special-heading-h3  blockquote classic-quote classic-quote-left  avia-builder-el-0  el_before_av_one_third  avia-builder-el-first  '><h3 class='av-special-heading-tag '  itemprop=\"headline\"  >Elementi za rukovanje<\/h3><div class='special-heading-border'><div class='special-heading-inner-border' ><\/div><\/div><\/div>\n<div class=\"flex_column av_one_third  flex_column_div av-zero-column-padding first  avia-builder-el-1  el_after_av_heading  el_before_av_two_third  \" style='border-radius:0px; '><div  class='avia-image-container  av-styling-    avia-builder-el-2  avia-builder-el-no-sibling  avia-align-center '  itemprop=\"image\" itemscope=\"itemscope\" itemtype=\"https:\/\/schema.org\/ImageObject\"  ><div class='avia-image-container-inner'><div class='avia-image-overlay-wrap'><img class='wp-image-462 avia-img-lazy-loading-not-462 avia_image' src=\"https:\/\/nevenkomerc.com\/elesa-ganter\/wp-content\/uploads\/2015\/10\/Pasted-300x177.png\" alt='' title='Pasted' height=\"177\" width=\"300\"  itemprop=\"thumbnailUrl\" srcset=\"https:\/\/nevenkomerc.com\/elesa-ganter\/wp-content\/uploads\/2015\/10\/Pasted-300x177.png 300w, https:\/\/nevenkomerc.com\/elesa-ganter\/wp-content\/uploads\/2015\/10\/Pasted-768x453.png 768w, https:\/\/nevenkomerc.com\/elesa-ganter\/wp-content\/uploads\/2015\/10\/Pasted-705x416.png 705w, https:\/\/nevenkomerc.com\/elesa-ganter\/wp-content\/uploads\/2015\/10\/Pasted.png 1024w\" sizes=\"(max-width: 300px) 100vw, 300px\" \/><\/div><\/div><\/div><\/div>\n<div class=\"flex_column av_two_third  flex_column_div av-zero-column-padding   avia-builder-el-3  el_after_av_one_third  el_before_av_hr  \" style='border-radius:0px; '><section class=\"av_textblock_section \"  itemscope=\"itemscope\" itemtype=\"https:\/\/schema.org\/CreativeWork\" ><div class='avia_textblock  '   itemprop=\"text\" ><p>U ponudi <strong>\u201eNeven-komerc\u201c d.o.o.\u00a0 <\/strong>ima veliki izbor <span style=\"color: red;\">ELESA+GANTER<\/span> elemenata za rukovanje<strong>: ru\u010dni to\u010dkovi, puni ru\u010dni to\u010dkovi, ru\u010dni diskosni to\u010dkovi, ru\u010dne mehani\u010dke poluge.<\/strong><\/p>\n<p>Elementi za rukovanje uklju\u010duju razli\u010dite tipove upravlja\u010dkih ru\u010dnih to\u010dkova i ru\u010dica razli\u010ditih pre\u010dnika za rad na alatnim ma\u0161inama i opremi. To\u010dki\u0107i su sa ili bez dr\u0161ke. Raznolikost proizvodnih materijala koji se koriste za radne elemente omoguc\u0301ava upotrebu u \u0161irokom polju industrijskih sektora.<\/p>\n<p>Dostupni su razli\u010diti dizajni i materijali: tehnopolimer, Duroplast, aluminijum ili ner\u0111ajuc\u0301i \u010delik.<br \/>\nDetaljnije na internet stranici <a href=\"https:\/\/www.elesa-ganter.com\/en\/www\/products\/operating-elements--1#\" target=\"_blank\" rel=\"noopener noreferrer\">Elementi za rukovanje<\/a><\/p>\n<\/div><\/section><\/div><div   class='hr hr-default   avia-builder-el-5  el_after_av_two_third  el_before_av_table '><span class='hr-inner ' ><span class='hr-inner-style'><\/span><\/span><\/div><\/p>\n<div class='avia-data-table-wrap avia_responsive_table'><table  class='avia-table avia-data-table avia-table-1  avia-builder-el-6  el_after_av_hr  el_before_av_button  avia_pricing_default '  itemscope=\"itemscope\" itemtype=\"https:\/\/schema.org\/Table\" ><tbody><tr class=''><td class=''><\/p>\n<p style=\"text-align:center\"><span style=\"vertical-align: top;\"><img src=\"https:\/\/nevenkomerc.com\/elesa-ganter\/wp-content\/uploads\/2020\/10\/elesa-1-VRTP.jpg\" style=\"width:100pt;height:100pt\" \/><\/span><br \/>\n<span style=\"vertical-align: top;\"><br \/>\n<b>VRTP.<\/b><br \/>\nRu\u010dni to\u010dkovi<br \/>\nBez ru\u010dke<br \/>\nTehnopolimer<br \/>\nPre\u010dnici: 80 do 375 mm<br \/>\n<\/span><\/p>\n<p><\/td><td class=''><\/p>\n<p style=\"text-align:center\"><span style=\"vertical-align: top;\"><img src=\"https:\/\/nevenkomerc.com\/elesa-ganter\/wp-content\/uploads\/2020\/10\/elesa-1-GN924.jpg\" style=\"width:100pt;height:100pt\" \/><\/span><br \/>\n<span style=\"vertical-align: top;\"><br \/>\n<b>GN 924<\/b><br \/>\nRu\u010dni to\u010dkovi<br \/>\nAluminijum, oblo\u017een<br \/>\nplastikom<br \/>\nPre\u010dnici: 125 do 200 mm<br \/>\n<\/span><\/p>\n<p><\/td><td class=''><\/p>\n<p style=\"text-align:center\"><span style=\"vertical-align: top;\"><img src=\"https:\/\/nevenkomerc.com\/elesa-ganter\/wp-content\/uploads\/2020\/10\/elesa-1-VRFP.jpg\" style=\"width:100pt;height:100pt\" \/><\/span><br \/>\n<span style=\"vertical-align: top;\"><br \/>\n<b>VR.FP<\/b><br \/>\nRu\u010dni to\u010dkovi<br \/>\nDuroplast, glava<br \/>\nnije bu\u0161ena<br \/>\nPre\u010dnici:100 do 375 mm<br \/>\n<\/span><\/p>\n<p><\/td><\/tr><tr class=''><td class=''><\/p>\n<p style=\"text-align:center\"><span style=\"vertical-align: top;\"><img src=\"https:\/\/nevenkomerc.com\/elesa-ganter\/wp-content\/uploads\/2020\/10\/elesa-1-GN9506.jpg\" style=\"width:100pt;height:100pt\" \/><\/span><br \/>\n<span style=\"vertical-align: top;\"><br \/>\n<b>GN 950.6<\/b><br \/>\nRu\u010dni to\u010dkovi<br \/>\nsa paocima<br \/>\nMaterijal AISI 316L (A4)<br \/>\nPre\u010dnici: 100 do 200 mm<br \/>\n<\/span><\/p>\n<p><\/td><td class=''><\/p>\n<p style=\"text-align:center\"><span style=\"vertical-align: top;\"><img src=\"https:\/\/nevenkomerc.com\/elesa-ganter\/wp-content\/uploads\/2020\/10\/elesa-1-EMW.jpg\" style=\"width:100pt;height:100pt\" \/><\/span><br \/>\n<span style=\"vertical-align: top; width:120pt\"><br \/>\n<b>EMW.<\/b><br \/>\nTo\u010dkovi na ru\u010dni<br \/>\npogon sa jednim<br \/>\nkrakom<br \/>\nTehnopolimer<br \/>\nPre\u010dnik: 350 mm<br \/>\n<\/span><\/p>\n<p><\/td><td class=''><\/p>\n<p style=\"text-align:center\"><span style=\"display: inline-block; vertical-align: top;\"><img src=\"https:\/\/nevenkomerc.com\/elesa-ganter\/wp-content\/uploads\/2020\/10\/elesa-1-EYK.jpg\" style=\"width:100pt;height:100pt\" \/><\/span><br \/>\n<span style=\"vertical-align: top;\"><br \/>\n<b>EYK.<\/b><br \/>\nRu\u010dni trokraki to\u010dak<br \/>\nTehnopolimer<br \/>\nPre\u010dnici: 275 do 400 mm<br \/>\n<\/span><\/p>\n<p><\/td><\/tr><tr class=''><td class=''><\/p>\n<p style=\"text-align:center\"><span style=\"vertical-align: top;\"><img src=\"https:\/\/nevenkomerc.com\/elesa-ganter\/wp-content\/uploads\/2020\/10\/elesa-1-VDS.jpg\" style=\"width:100pt;height:100pt\"  \/><\/span><br \/>\n<span style=\"vertical-align: top;\"><br \/>\n<b>VDS.<\/b><br \/>\nRu\u010dni diskosni to\u010dkovi<br \/>\nTehnopolimer<br \/>\nPre\u010dnici: 80 do 300 mm<br \/>\n<\/span><\/p>\n<p><\/td><td class=''><\/p>\n<p style=\"text-align:center\"><span style=\"vertical-align: top;\"><img src=\"https:\/\/nevenkomerc.com\/elesa-ganter\/wp-content\/uploads\/2020\/10\/elesa-1-VDNFP.jpg\" style=\"width:100pt;height:100pt\" \/><\/span><br \/>\n<span style=\"vertical-align: top;\"><br \/>\n<b>VDN.FP<\/b><br \/>\nRu\u010dni diskosni to\u010dkovi<br \/>\nDuroplast, \u010deli\u010dna glava<br \/>\nPre\u010dnici: 50 do 350 mm<br \/>\n<\/span><\/p>\n<p><\/td><td class=''><\/p>\n<p style=\"text-align:center\"><span style=\"display: inline-block; vertical-align: top;\"><img src=\"https:\/\/nevenkomerc.com\/elesa-ganter\/wp-content\/uploads\/2020\/10\/elesa-1-GN9233.jpg\" style=\"width:100pt;height:100pt\" \/><\/span><br \/>\n<span style=\"vertical-align: top;\"><br \/>\n<b>GN 923.3<\/b><br \/>\nRu\u010dni to\u010dak sa<br \/>\npreklapaju\u0107om dr\u0161kom<br \/>\nAluminijum, zaklju\u010dana<br \/>\nru\u010dka<br \/>\nPre\u010dnici: 100 do 200 mm<br \/>\n<\/span><\/p>\n<p><\/td><\/tr><tr class=''><td class=''><\/p>\n<p style=\"text-align:center\"><span style=\"vertical-align: top;\"><img src=\"https:\/\/nevenkomerc.com\/elesa-ganter\/wp-content\/uploads\/2020\/10\/elesa-1-GN3216.jpg\" style=\"width:100pt;height:100pt\" \/><\/span><br \/>\n<span style=\"vertical-align: top;\"><br \/>\n<b>GN 321.6<\/b><br \/>\nSigurnosni ru\u010dni diskosni<br \/>\nto\u010dkovi od aluminijuma<br \/>\nAluminijum, sa<br \/>\nigli\u010dastim le\u017eajevima<br \/>\nPre\u010dnici: 140 do 160 mm<br \/>\n<\/span><\/p>\n<p><\/td><td class=''><\/p>\n<p style=\"text-align:center\"><span style=\"vertical-align: top;\"><img src=\"https:\/\/nevenkomerc.com\/elesa-ganter\/wp-content\/uploads\/2020\/10\/elesa-1-MT.jpg\" style=\"width:155pt;height:155pt\" \/><\/span><br \/>\n<span style=\"vertical-align: top;\"><br \/>\n<b>MT.<\/b><br \/>\nRu\u010dne mehani\u010dke poluge<br \/>\nTehnopolimer<br \/>\nDimenzije: 50 do 210 mm<br \/>\n<\/span><\/p>\n<p><\/td><td class=''><\/p>\n<p style=\"text-align:center\"><span style=\"vertical-align: top;\"><img src=\"https:\/\/nevenkomerc.com\/elesa-ganter\/wp-content\/uploads\/2020\/10\/elesa-1-EKH.jpg\" style=\"width:100pt;height:100pt\" \/><\/span><br \/>\n<span style=\"vertical-align: top;\"><br \/>\n<b>EKH.<\/b><br \/>\nRu\u010dne mehani\u010dke poluge<br \/>\nTehnopolimer<br \/>\nDimenzije: 100 do 125 mm<br \/>\n<\/span><\/p>\n<p><\/td><\/tr><tr class=''><td class=''><\/p>\n<p style=\"text-align:center\"><span style=\"vertical-align: top;\"><img src=\"https:\/\/nevenkomerc.com\/elesa-ganter\/wp-content\/uploads\/2020\/10\/elesa-1-GN269.jpg\" style=\"width:100pt;height:100pt\" \/><\/span><br \/>\n<span style=\"vertical-align: top;\"><br \/>\n<b>GN 269<\/b><br \/>\nRu\u010dice sa polugom od<br \/>\nner\u0111aju\u0107eg \u010delika<br \/>\nPre\u010dnici: 80 do 200 mm<br \/>\n<\/span><\/p>\n<p><\/td><td class=''><\/p>\n<p style=\"text-align:center\"><span style=\"vertical-align: top;\"><img src=\"https:\/\/nevenkomerc.com\/elesa-ganter\/wp-content\/uploads\/2020\/10\/elesa-1-GN4723.jpg\" style=\"width:100pt;height:100pt\" \/><\/span><br \/>\n<span style=\"vertical-align: top;\"><br \/>\n<b>GN 472.3<\/b><br \/>\nRu\u010dni to\u010dak sa<br \/>\npreklapaju\u0107om dr\u0161kom<br \/>\nAluminijum<br \/>\nPre\u010dnici: 80 do 125 mm<br \/>\n<\/span><\/p>\n<p><\/td><td class=''><\/p>\n<p style=\"text-align:center\"><span style=\"vertical-align: top;\"><img src=\"https:\/\/nevenkomerc.com\/elesa-ganter\/wp-content\/uploads\/2020\/10\/elesa-1-DIN468.jpg\" style=\"width:100pt;height:100pt\" \/><\/span><br \/>\n<span style=\"display: inline-block; vertical-align: top; width:120pt\"><br \/>\n<b>DIN 468<\/b><br \/>\nRu\u010dne mehani\u010dke poluge<br \/>\nLiveno gvo\u017e\u0111e<br \/>\nPre\u010dnici: 63 do 315 mm<br \/>\n<\/span><\/p>\n<p><\/td><\/tr><\/tbody><\/table><\/div><style type='text\/css'><\/style>\n<div  class='avia-button-wrap avia-button-left  avia-builder-el-7  el_after_av_table  el_before_av_hr ' ><a href='https:\/\/nevenkomerc.com\/elesa-ganter\/proizvodi\/elesa-ganter-srbija\/'  class='avia-button  avia-color-theme-color   avia-icon_select-yes-left-icon avia-size-small avia-position-left '   ><span class='avia_button_icon avia_button_icon_left ' aria-hidden='true' data-av_icon='\ue831' data-av_iconfont='entypo-fontello'><\/span><span class='avia_iconbox_title' >NAZAD<\/span><\/a><\/div>\n<div   class='hr hr-default   avia-builder-el-8  el_after_av_button  avia-builder-el-last '><span class='hr-inner ' ><span class='hr-inner-style'><\/span><\/span><\/div>\n","protected":false},"excerpt":{"rendered":"","protected":false},"author":2,"featured_media":0,"parent":475,"menu_order":1,"comment_status":"closed","ping_status":"closed","template":"","meta":[],"yoast_head":"<!-- This site is optimized with the Yoast SEO plugin v15.1.1 - https:\/\/yoast.com\/wordpress\/plugins\/seo\/ -->\n<title>Elementi za rukovanje - Elesa Ganter Srbija - Neven komerc<\/title>\n<meta name=\"robots\" content=\"index, follow, max-snippet:-1, max-image-preview:large, max-video-preview:-1\" \/>\n<link rel=\"canonical\" href=\"https:\/\/nevenkomerc.com\/elesa-ganter\/proizvodi\/elesa-ganter-srbija\/elementi-za-rukovanje\/\" \/>\n<meta property=\"og:locale\" content=\"sr_RS\" \/>\n<meta property=\"og:type\" content=\"article\" \/>\n<meta property=\"og:title\" content=\"Elementi za rukovanje - Elesa Ganter Srbija - Neven komerc\" \/>\n<meta property=\"og:url\" content=\"https:\/\/nevenkomerc.com\/elesa-ganter\/proizvodi\/elesa-ganter-srbija\/elementi-za-rukovanje\/\" \/>\n<meta property=\"og:site_name\" content=\"Elesa Ganter Srbija - Neven komerc\" \/>\n<meta property=\"article:modified_time\" content=\"2021-04-13T16:11:34+00:00\" \/>\n<meta property=\"og:image\" content=\"https:\/\/nevenkomerc.com\/elesa-ganter\/wp-content\/uploads\/2020\/10\/elesa-1-VRTP.jpg\" \/>\n<meta name=\"twitter:card\" content=\"summary_large_image\" \/>\n<script type=\"application\/ld+json\" class=\"yoast-schema-graph\">{\"@context\":\"https:\/\/schema.org\",\"@graph\":[{\"@type\":\"WebSite\",\"@id\":\"https:\/\/nevenkomerc.com\/elesa-ganter\/#website\",\"url\":\"https:\/\/nevenkomerc.com\/elesa-ganter\/\",\"name\":\"Elesa Ganter Srbija - Neven komerc\",\"description\":\"\\u201eNeven-komerc\\u201c d.o.o. ima zastupni\\u0161tvo za ELESA+GANTER, svetsku kompaniju koja nudi \\u0161irok asortiman standardnih ma\\u0161inskih elemenata za ma\\u0161insku industriju.\",\"potentialAction\":[{\"@type\":\"SearchAction\",\"target\":\"https:\/\/nevenkomerc.com\/elesa-ganter\/?s={search_term_string}\",\"query-input\":\"required name=search_term_string\"}],\"inLanguage\":\"sr-RS\"},{\"@type\":\"ImageObject\",\"@id\":\"https:\/\/nevenkomerc.com\/elesa-ganter\/proizvodi\/elesa-ganter-srbija\/elementi-za-rukovanje\/#primaryimage\",\"inLanguage\":\"sr-RS\",\"url\":\"https:\/\/nevenkomerc.com\/elesa-ganter\/wp-content\/uploads\/2020\/10\/elesa-1-VRTP.jpg\",\"width\":155,\"height\":155},{\"@type\":\"WebPage\",\"@id\":\"https:\/\/nevenkomerc.com\/elesa-ganter\/proizvodi\/elesa-ganter-srbija\/elementi-za-rukovanje\/#webpage\",\"url\":\"https:\/\/nevenkomerc.com\/elesa-ganter\/proizvodi\/elesa-ganter-srbija\/elementi-za-rukovanje\/\",\"name\":\"Elementi za rukovanje - Elesa Ganter Srbija - Neven komerc\",\"isPartOf\":{\"@id\":\"https:\/\/nevenkomerc.com\/elesa-ganter\/#website\"},\"primaryImageOfPage\":{\"@id\":\"https:\/\/nevenkomerc.com\/elesa-ganter\/proizvodi\/elesa-ganter-srbija\/elementi-za-rukovanje\/#primaryimage\"},\"datePublished\":\"2020-10-13T16:29:28+00:00\",\"dateModified\":\"2021-04-13T16:11:34+00:00\",\"inLanguage\":\"sr-RS\",\"potentialAction\":[{\"@type\":\"ReadAction\",\"target\":[\"https:\/\/nevenkomerc.com\/elesa-ganter\/proizvodi\/elesa-ganter-srbija\/elementi-za-rukovanje\/\"]}]}]}<\/script>\n<!-- \/ Yoast SEO plugin. -->","_links":{"self":[{"href":"https:\/\/nevenkomerc.com\/elesa-ganter\/wp-json\/wp\/v2\/pages\/494\/"}],"collection":[{"href":"https:\/\/nevenkomerc.com\/elesa-ganter\/wp-json\/wp\/v2\/pages\/"}],"about":[{"href":"https:\/\/nevenkomerc.com\/elesa-ganter\/wp-json\/wp\/v2\/types\/page\/"}],"author":[{"embeddable":true,"href":"https:\/\/nevenkomerc.com\/elesa-ganter\/wp-json\/wp\/v2\/users\/2\/"}],"replies":[{"embeddable":true,"href":"https:\/\/nevenkomerc.com\/elesa-ganter\/wp-json\/wp\/v2\/comments\/?post=494"}],"version-history":[{"count":29,"href":"https:\/\/nevenkomerc.com\/elesa-ganter\/wp-json\/wp\/v2\/pages\/494\/revisions\/"}],"predecessor-version":[{"id":3018,"href":"https:\/\/nevenkomerc.com\/elesa-ganter\/wp-json\/wp\/v2\/pages\/494\/revisions\/3018\/"}],"up":[{"embeddable":true,"href":"https:\/\/nevenkomerc.com\/elesa-ganter\/wp-json\/wp\/v2\/pages\/475\/"}],"wp:attachment":[{"href":"https:\/\/nevenkomerc.com\/elesa-ganter\/wp-json\/wp\/v2\/media\/?parent=494"}],"curies":[{"name":"wp","href":"https:\/\/api.w.org\/{rel}","templated":true}]}}